{"id":15960,"date":"2012-03-20T19:14:04","date_gmt":"2012-03-20T17:14:04","guid":{"rendered":"http:\/\/www.tehdasry.fi\/home\/?page_id=15960"},"modified":"2025-03-17T22:17:42","modified_gmt":"2025-03-17T20:17:42","slug":"info","status":"publish","type":"page","link":"https:\/\/tehdasry.fi\/wordpress\/info\/","title":{"rendered":"Info"},"content":{"rendered":"\n<p class=\"has-large-font-size\"><strong>T.E.H.D.A.S. &#8211; <strong>We are a group, we are a community<\/strong> <\/strong><\/p>\n\n\n\n<figure class=\"wp-block-image size-medium is-style-rounded\"><img loading=\"lazy\" decoding=\"async\" width=\"300\" height=\"200\" src=\"https:\/\/tehdasry.fi\/wordpress\/wp-content\/uploads\/2019\/03\/dadakoirat-300x200.jpg\" alt=\"\" class=\"wp-image-140608\" srcset=\"https:\/\/tehdasry.fi\/wordpress\/wp-content\/uploads\/2019\/03\/dadakoirat-300x200.jpg 300w, https:\/\/tehdasry.fi\/wordpress\/wp-content\/uploads\/2019\/03\/dadakoirat.jpg 720w\" sizes=\"auto, (max-width: 300px) 100vw, 300px\" \/><\/figure>\n\n\n\n<div style=\"height:50px\" aria-hidden=\"true\" class=\"wp-block-spacer\"><\/div>\n\n\n\n<p class=\"has-normal-font-size\">\u201dTaide on vaarojen aluetta. Taiteilijan ensimm\u00e4inen ominaisuus on siis rohkeus. Rohkeutta on kahdenlaista; rohkeutta henkil\u00f6kohtaisessa vaaratilanteessa ja rohkeutta vastata teoistaan, olipa tilinteko tarpeen tuomarinp\u00f6yd\u00e4n edess\u00e4 tai sis\u00e4iselle vallalle, omalletunnolle. Rohkeutta henkil\u00f6kohtaisessa vaaratilanteessa on samoin kahdenlaatuista. Ensinn\u00e4kin se voi olla v\u00e4linpit\u00e4m\u00e4tt\u00f6myytt\u00e4 vaarasta. Johtukoon t\u00e4m\u00e4 sitten yksil\u00f6n perusluonteesta tai el\u00e4m\u00e4n v\u00e4heksymisest\u00e4 taikka tottumuksesta, niin kaikissa n\u00e4iss\u00e4 tapauksissa rohkeus on katsottava pysyv\u00e4ksi ominaisuudeksi. Toiseksi sen voivat synnytt\u00e4\u00e4 suoranaiset vaikuttimet, sellaiset kuin kunnianhimo, is\u00e4nmaanrakkaus, kaikenlainen intomieli. T\u00e4ss\u00e4 tapauksessa rohkeus ei ole varsinainen ominaisuus vaan mieliala, tunneilmi\u00f6.\u201d \u201d\u2026 Onnellinen se taideyhdistys, jossa malttamatonta urhoollisuutta usein esiintyy! Se on rehottava kasvannainen, mutta se todistaa, ett\u00e4 maaper\u00e4 on voimakas. Eip\u00e4 edes uhkarohkeuteen, eli tarkoituksettomaan urhoollisuuteen saa suhtautua halveksuen. Pohjaltaan sekin on samaa intomielist\u00e4 voimaa, joka puhkeaa toimintaan er\u00e4\u00e4nlaisen intohimon alaisena, ilman j\u00e4rjen my\u00f6t\u00e4vaikutusta.\u201d<\/p>\n\n\n\n<p class=\"has-normal-font-size\"><em>Dada Von Clausewitz<\/em><\/p>\n\n\n\n<div style=\"height:25px\" aria-hidden=\"true\" class=\"wp-block-spacer\"><\/div>\n\n\n\n<hr class=\"wp-block-separator has-css-opacity is-style-wide\"\/>\n\n\n\n<div style=\"height:34px\" aria-hidden=\"true\" class=\"wp-block-spacer\"><\/div>\n\n\n\n<p class=\"has-normal-font-size\">T.E.H.D.A.S. (ry) on toiminut vuodesta 2002 l\u00e4htien kuva- ja esitystaiteen toimintaymp\u00e4rist\u00f6jen ja taiteilijoiden toimintaedellytysten kehitt\u00e4miseen keskittyv\u00e4n\u00e4 yhdistyksen\u00e4 sek\u00e4 taiteilijaryhm\u00e4n\u00e4.&nbsp; Yhdistys on perustettu Kankaanp\u00e4\u00e4ss\u00e4, mutta siirtynyt sittemmin Poriin, jossa toiminta on keskittynyt erityisesti Radioasemalle ja sen ymp\u00e4rist\u00f6\u00f6n. T.E.H.D.A.S. kollektiivin toiminnan keski\u00f6ss\u00e4 on ollut taiteilijaryhm\u00e4n\u00e4 toteutetut n\u00e4yttelyt ja esitykset, sek\u00e4 erilaiset tapahtumat ja interventiot julkiseen tilaan. Toimintakulttuuri on samaan aikaan sitoutuneen paikallista ja kansainsainv\u00e4list\u00e4. Yhdistyksen toimintaan on osallistunut sen olemassaolon aikana kaikkiaan toista sataa taiteilijaa.<\/p>\n\n\n\n<p class=\"has-normal-font-size\">T.E.H.D.A.S. on koko historiansa ajan toiminut tuotanto-organisaationa, joka on j\u00e4rjest\u00e4nyt tapahtumia kuten Perf-performanssifestivaali Porissa 2005-2013 ja Perfo! Tampereella 2007-2017. Yhdess\u00e4 NYTE ry:n kanssa muodostettu ty\u00f6ryhm\u00e4 on j\u00e4rjest\u00e4nyt Das Kluppe-klubia vuodesta 2016 l\u00e4htien, T.E.H.D.A.S. ja Plugi (Porin elektronisen musiikin ry:n konsepti) ovat tuottaneet yhteisty\u00f6ss\u00e4 elektronisen musiikin klubeja vuodesta 2014 l\u00e4htien. T.E.H.D.A.S. pyrkii tekem\u00e4\u00e4n yhteisty\u00f6t\u00e4 ja edist\u00e4m\u00e4\u00e4n kulttuuria laajalla rintamalla.&nbsp;<\/p>\n\n\n\n<p class=\"has-normal-font-size\">T.E.H.D.A.S. on sitoutunut kehitt\u00e4m\u00e4\u00e4n Radioaseman kulttuurik\u00e4ytt\u00f6\u00e4 ja Koiviston ulkoilupuiston ymp\u00e4rist\u00f6\u00e4. Veistospuisto on 2011 aloitettu jatkuva projekti, jossa aluetta kehitet\u00e4\u00e4n yhdess\u00e4 Porin kaupungin ja paikallisyhteis\u00f6jen kanssa. Ensimm\u00e4ist\u00e4 kertaa vuonna 2017 j\u00e4rjestetyst\u00e4 kes\u00e4n\u00e4yttelyst\u00e4, on muodostunut jokavuotinen perinne. N\u00e4yttelyiden kautta Veistospuisto on laajentunut ja Radioasema vakiinnuttanut paikkansa kes\u00e4isen\u00e4 kulttuurikohteena. K\u00e4yt\u00f6ss\u00e4 olevat tilat ja ymp\u00e4r\u00f6iv\u00e4 l\u00e4hiluonto tarjoavat hyv\u00e4n mahdollisuuden kehitt\u00e4\u00e4 kest\u00e4v\u00e4\u00e4 ja helposti l\u00e4hestytt\u00e4v\u00e4\u00e4 kulttuuritarjontaa my\u00f6s kaupunkikeskustan ulkopuolella. Toiminnan taiteilijal\u00e4ht\u00f6inen ja kollektiivinen luonne mahdollistaa osallistumisen: taiteilijaryhm\u00e4n\u00e4 T.E.H.D.A.S. on avoin ja anonyymi, se muotoutuu aina uudestaan jokaista projektia varten. Yhdistyksen\u00e4 sen tarkoitus on toimia mahdollistajana, kanavoida resursseja, tuoda yhteen erilaisia tekij\u00f6it\u00e4 ja tekemisen tapoja.<\/p>\n\n\n\n<div style=\"height:26px\" aria-hidden=\"true\" class=\"wp-block-spacer\"><\/div>\n\n\n\n<p class=\"has-background\" style=\"background-color:#dfdfdf\"><strong>T.E.H.D.A.S. RY:N eettinen ohje<\/strong><\/p>\n\n\n\n<p>Turvallisemman tilan periaatteet T.E.H.D.A.S.ry:n toiminnassa. <\/p>\n\n\n\n<p>Olemme T.E.H.D.A.S. ry:n tapahtumissa yhdess\u00e4 vastuussa siit\u00e4, ett\u00e4 kaikilla osallistujilla on hyv\u00e4 ja turvallinen olo kaikessa toiminnassa. T\u00e4t\u00e4 olemme luoneet seitsem\u00e4n turvallisemman tilan periaatetta ja ohjeet ep\u00e4asialliseen k\u00e4yt\u00f6kseen puuttumiseen. <\/p>\n\n\n\n<div style=\"height:28px\" aria-hidden=\"true\" class=\"wp-block-spacer\"><\/div>\n\n\n\n<p class=\"has-background\" style=\"background-color:#e6e6e6\"><strong>Seitsem\u00e4n turvallisemman tilan periaatetta<\/strong><\/p>\n\n\n\n<p><strong>Ole avoin<\/strong>: Kohtaa uudet ihmiset ja asiat ennakkoluulottomasti. Ota jokainen kohtaaminen mahdollisuutena oppia uutta ja kehitty\u00e4. <\/p>\n\n\n\n<p><strong>Kunnioita<\/strong>: Kiinnit\u00e4 huomiota sanavalintoihisi ja arvosta toisen mielipidett\u00e4. \u00c4l\u00e4 pilkkaa, nolaa tai tuomitse ket\u00e4\u00e4n puheillasi tai k\u00e4yt\u00f6ksell\u00e4si. <\/p>\n\n\n\n<p><strong>Luo my\u00f6nteist\u00e4 ilmapiiri\u00e4<\/strong>: Ota vastuuta my\u00f6s toisen kokemuksesta. Kuuntele, kehu ja kannusta.<\/p>\n\n\n\n<p><strong>V\u00e4lt\u00e4 oletuksia: <\/strong>\u00c4l\u00e4 tee oletuksia ulkoisten ominaisuuksien, ihonv\u00e4rin, etnisyyden, uskonnon, sukupuolen, i\u00e4n tai puheen perusteella. \u00c4l\u00e4 tee oletuksia sukupuolesta, taustasta tai toimintakyvyst\u00e4.  <\/p>\n\n\n\n<p><strong>Anna tilaa<\/strong>: Kunnioita toisen henkil\u00f6kohtaista tilaa, yksityisyytt\u00e4 ja itsem\u00e4\u00e4r\u00e4\u00e4misoikeutta. Huolehdi, ett\u00e4 kaikki tulevat kuulluksi ja anna kaikille mahdollisuus osallistua. <\/p>\n\n\n\n<p><strong>Puutu<\/strong>: \u00c4l\u00e4 seuraa sivusta, jos todistat h\u00e4irint\u00e4\u00e4 tai muuta ep\u00e4asiallista kohtelua. <\/p>\n\n\n\n<p><strong>Nauti<\/strong>: Pid\u00e4 hauskaa! Kysy, jos joku asia ihmetytt\u00e4\u00e4 ja ota asiasta selv\u00e4\u00e4.<\/p>\n\n\n\n<ol class=\"wp-block-list\">\n<li><\/li>\n<\/ol>\n","protected":false},"excerpt":{"rendered":"<p>T.E.H.D.A.S. &#8211; We are a group, we are a community \u201dTaide on vaarojen aluetta. Taiteilijan ensimm\u00e4inen ominaisuus on siis rohkeus. Rohkeutta on kahdenlaista; rohkeutta henkil\u00f6kohtaisessa vaaratilanteessa ja rohkeutta vastata teoistaan, &hellip;<\/p>\n","protected":false},"author":1,"featured_media":0,"parent":0,"menu_order":0,"comment_status":"closed","ping_status":"closed","template":"","meta":{"footnotes":""},"class_list":["post-15960","page","type-page","status-publish","hentry"],"_links":{"self":[{"href":"https:\/\/tehdasry.fi\/wordpress\/wp-json\/wp\/v2\/pages\/15960","targetHints":{"allow":["GET"]}}],"collection":[{"href":"https:\/\/tehdasry.fi\/wordpress\/wp-json\/wp\/v2\/pages"}],"about":[{"href":"https:\/\/tehdasry.fi\/wordpress\/wp-json\/wp\/v2\/types\/page"}],"author":[{"embeddable":true,"href":"https:\/\/tehdasry.fi\/wordpress\/wp-json\/wp\/v2\/users\/1"}],"replies":[{"embeddable":true,"href":"https:\/\/tehdasry.fi\/wordpress\/wp-json\/wp\/v2\/comments?post=15960"}],"version-history":[{"count":56,"href":"https:\/\/tehdasry.fi\/wordpress\/wp-json\/wp\/v2\/pages\/15960\/revisions"}],"predecessor-version":[{"id":142088,"href":"https:\/\/tehdasry.fi\/wordpress\/wp-json\/wp\/v2\/pages\/15960\/revisions\/142088"}],"wp:attachment":[{"href":"https:\/\/tehdasry.fi\/wordpress\/wp-json\/wp\/v2\/media?parent=15960"}],"curies":[{"name":"wp","href":"https:\/\/api.w.org\/{rel}","templated":true}]}}