{"id":142160,"date":"2025-07-12T11:54:28","date_gmt":"2025-07-12T08:54:28","guid":{"rendered":"https:\/\/tehdasry.fi\/wordpress\/?page_id=142160"},"modified":"2025-09-11T16:11:44","modified_gmt":"2025-09-11T13:11:44","slug":"map","status":"publish","type":"page","link":"https:\/\/tehdasry.fi\/wordpress\/map\/","title":{"rendered":"Map"},"content":{"rendered":"\n<p>T.E.H.D.A.S. Sculpturepark\/veistospuisto.<\/p>\n\n\n\n<!-- iframe plugin v.5.2 wordpress.org\/plugins\/iframe\/ -->\n<iframe loading=\"lazy\" width=\"768\" height=\"576\" src=\"https:\/\/maphub.net\/embed_h\/XxKmvxNLLJQlPMqC?panel=1&#038;panel_closed=1&#038;legend=1\" frameborder=\"0\" scrolling=\"yes\" class=\"iframe-class\"><\/iframe>\n\n\n\n\n<div style=\"height:37px\" aria-hidden=\"true\" class=\"wp-block-spacer\"><\/div>\n\n\n\n<p><strong>Artists\/Taiteilijat<\/strong><\/p>\n\n\n\n<ol class=\"wp-block-list\">\n<li>Tom\u00e1\u0161 Bosambo, Listening \u2013 Czech Republic 2012<\/li>\n\n\n\n<li>Andrius Petkus, Fix it! &#8211; Lithuania 2012<\/li>\n\n\n\n<li>Sandis Kondrats, Eyes of History &#8211; Latvia 2012<\/li>\n\n\n\n<li>Andrius Petkus, Grasshopperman &#8211; Lithuania 2012<\/li>\n\n\n\n<li>Antti Pedrozo, Forest Guard 2012<\/li>\n\n\n\n<li>Heikki Hautala, Drunk Guide 2014<\/li>\n\n\n\n<li>Lora Dimova, Sky_Forest &#8211; Bulgaria 2019<\/li>\n\n\n\n<li>Antti Pedrozo, Nose 2015<\/li>\n\n\n\n<li>Mollu Heino &amp; Tommi Ojala, Taidetta ymp\u00e4ri ja \u00e4mp\u00e4ri 2005<\/li>\n\n\n\n<li>Andrius Petkus, Hazelnut &#8211; Lithuania 2012<\/li>\n\n\n\n<li>Ville Kirjanen, Elokuu 2017<\/li>\n\n\n\n<li>Antti Pedrozo, Mermaid 2014<\/li>\n\n\n\n<li>Antti Pedrozo &amp; Simon H\u00e4ggblom, Food Circle 2015<\/li>\n\n\n\n<li>Heikki Hautala, Dogpissking 2014<\/li>\n\n\n\n<li>Toni Iskulehto, Hintel\u00e4 2014<\/li>\n\n\n\n<li>Toni Iskulehto, Mykk\u00e4koulu 2014<\/li>\n\n\n\n<li>Toni Iskulehto, Pusumies 2017<\/li>\n\n\n\n<li>Hannu Ahosola, Seip\u00e4kivi 2016<\/li>\n\n\n\n<li>Toni S. Halonen &amp; Jani Veps\u00e4, Ihmisp\u00f6nt\u00f6t 2015<\/li>\n\n\n\n<li>Eero Merimaa, Teknoa,teknoa! 2017<\/li>\n\n\n\n<li>T.E.H.D.A.S, M\u00f6kki 2017-<\/li>\n\n\n\n<li>Suvadeep Das, Log Drum Communication &#8211; India 2018<\/li>\n\n\n\n<li>Marja Patrikainen, Concrete standard for forest 2019<\/li>\n\n\n\n<li>T.E.H.D.A.S. Bussipys\u00e4kki 2019<\/li>\n\n\n\n<li>Riikka Ker\u00e4nen, P\u00f6nkk\u00e4juurisia Betoniviidakosta 2019<\/li>\n\n\n\n<li>Kulttuuripaja Lumo, J\u00e4ljet 2019<\/li>\n\n\n\n<li>T.E.H.D.A.S, Piazza Universale 2019<\/li>\n\n\n\n<li>Sampolan k\u00e4det 2019<\/li>\n\n\n\n<li>Lkhagvadorj Dorjsuren, Dadanalle goes Art &#8211; Mongolia 2022<\/li>\n\n\n\n<li>Lkhagvadorj Dorjsuren, 3 Ravens &#8211; Mongolia 2022<\/li>\n\n\n\n<li>Antti Pedrozo, The rabbit and the mosquito story 2022<\/li>\n\n\n\n<li>Heikki Hautala, Sextett 2022<\/li>\n\n\n\n<li>Michel De Kok, we are all connected &#8211; Netherlands 2022<\/li>\n\n\n\n<li>Jussi Miettinen, Station gang, rapid missions 2022<\/li>\n\n\n\n<li>T.E.H.D.A.S. Interlace 2022<\/li>\n\n\n\n<li>Valentina Karga, Circle #1: A storytelling infrastructure &#8211; Germany 2022<\/li>\n\n\n\n<li>Andris Mara\u010dkovskis, Let the past be the past &#8211; Latvia 2022<\/li>\n\n\n\n<li>Iida Nikitin &amp; Mikko Vandell, Body bound, head nowhere to be found 2022<\/li>\n\n\n\n<li>Emili Hellman,Color will change 2021<\/li>\n\n\n\n<li>Petri Haavisto, Black hole 2020<\/li>\n\n\n\n<li>Munkh Erdene Tsagaan, VLF Radio &#8211; Mongolia 2023<\/li>\n\n\n\n<li>Antti Pedrozo, Look 2023<\/li>\n\n\n\n<li>I Made Sutama, Dandelion Spirit \u2013 Indonesia\/ Lithuania 2023<\/li>\n\n\n\n<li>Mikko \u00c4ngeslev\u00e4, Kaksoset 2023<\/li>\n\n\n\n<li>Hanna Marno, Tulevat ja menev\u00e4t \/ Come and go 2024<\/li>\n\n\n\n<li>I Made Sutama, The R-complex, Indonesia\/ Lithuania 2025<\/li>\n<\/ol>\n","protected":false},"excerpt":{"rendered":"<p>T.E.H.D.A.S. Sculpturepark\/veistospuisto. Artists\/Taiteilijat<\/p>\n","protected":false},"author":13,"featured_media":0,"parent":0,"menu_order":0,"comment_status":"closed","ping_status":"closed","template":"","meta":{"footnotes":""},"class_list":["post-142160","page","type-page","status-publish","hentry"],"_links":{"self":[{"href":"https:\/\/tehdasry.fi\/wordpress\/wp-json\/wp\/v2\/pages\/142160","targetHints":{"allow":["GET"]}}],"collection":[{"href":"https:\/\/tehdasry.fi\/wordpress\/wp-json\/wp\/v2\/pages"}],"about":[{"href":"https:\/\/tehdasry.fi\/wordpress\/wp-json\/wp\/v2\/types\/page"}],"author":[{"embeddable":true,"href":"https:\/\/tehdasry.fi\/wordpress\/wp-json\/wp\/v2\/users\/13"}],"replies":[{"embeddable":true,"href":"https:\/\/tehdasry.fi\/wordpress\/wp-json\/wp\/v2\/comments?post=142160"}],"version-history":[{"count":4,"href":"https:\/\/tehdasry.fi\/wordpress\/wp-json\/wp\/v2\/pages\/142160\/revisions"}],"predecessor-version":[{"id":142220,"href":"https:\/\/tehdasry.fi\/wordpress\/wp-json\/wp\/v2\/pages\/142160\/revisions\/142220"}],"wp:attachment":[{"href":"https:\/\/tehdasry.fi\/wordpress\/wp-json\/wp\/v2\/media?parent=142160"}],"curies":[{"name":"wp","href":"https:\/\/api.w.org\/{rel}","templated":true}]}}