{"id":140541,"date":"2019-03-13T16:46:04","date_gmt":"2019-03-13T14:46:04","guid":{"rendered":"http:\/\/tehdasry.fi\/wordpress\/?page_id=140541"},"modified":"2019-05-13T17:38:50","modified_gmt":"2019-05-13T14:38:50","slug":"betonikesa","status":"publish","type":"page","link":"https:\/\/tehdasry.fi\/wordpress\/betonikesa\/","title":{"rendered":"Betonikes\u00e4 2019"},"content":{"rendered":"\n<p>Kes\u00e4ll\u00e4 2019 radioasema tekee T.E.H.D.A.S. Ry:n kolmas kes\u00e4n\u00e4yttelyn, Betonikes\u00e4. Betonikes\u00e4 k\u00e4sittelee betonin merkityst\u00e4 ja kulttuurihistoriaa. Veistospuistoon sijoittuvien teosten rinnalla aihetta l\u00e4hestyt\u00e4\u00e4n my\u00f6s muiden materiaalien ja v\u00e4lineiden avulla. Radioaseman projektitilaan rakentuva osuus purkaa osaltaan betonil\u00e4hi\u00f6ihin liittyvi\u00e4 myyttej\u00e4 tuoden mukaan kaupunkisuunnittelun ja yleisemmin urbanisaation asumiselle asettamien haasteiden tutkimuksellisia ulottuvuuksia. Betonikes\u00e4 alkaa jo huhtikuussa Sampolan ostoskeskuksessa jossa n\u00e4yttelyprojektit ja seminaarin toteutuvat. Kes\u00e4kuun lopussa varsinainen n\u00e4yttely levitt\u00e4ytyy Radioaseman projektitiloihin ja veistospuistoon.<\/p>\n\n\n\n<div style=\"height:20px\" aria-hidden=\"true\" class=\"wp-block-spacer\"><\/div>\n\n\n\n<p><strong>Betonikes\u00e4 tulee, oletko valmis?<\/strong><\/p>\n\n\n\n<p>T.E.H.D.A.S.\nVeistospuiston uudet teokset ja Radioaseman kes\u00e4n\u00e4yttely <em>Virtual\nConcrete<\/em> johdattavat\nvieraansa t\u00e4n\u00e4 kes\u00e4n\u00e4 betonin kylm\u00e4nkarheaan syliin. \n<\/p>\n\n\n\n<p>Tiesitk\u00f6,\nett\u00e4 betoni on veden j\u00e4lkeen k\u00e4ytetyin aine maapallolla? Vain\nfossiiliset polttoaineet tuottavat enemm\u00e4n hiilidioksidia kuin\nbetoniteollisuus. Sit\u00e4 on valtava m\u00e4\u00e4r\u00e4 ja sit\u00e4 tuotetaan koko\najan lis\u00e4\u00e4. Ja me olemme betonia. Se tekee meist\u00e4 t\u00e4llaisia.\nMateriaalina betoni ei ole ongelmaton, sit\u00e4 tulee l\u00e4hesty\u00e4\nvarovasti, se on \u00e4rsytettyn\u00e4 vaarallinen. Uinuva betoni her\u00e4tell\u00e4\u00e4n\neloon herkill\u00e4 eleill\u00e4 ja sen kesytt\u00e4minen vaatii\nk\u00e4rsiv\u00e4llisyytt\u00e4.<\/p>\n\n\n\n<p><em>Virtual\nConcrete<\/em> l\u00e4hestyy\naihetta virtuaalisesti. Kanssael\u00e4misen taito betonin kanssa on\nurbaanin ihmisen selviytymisen edellytys. Betoni on kaupungin lihaa.\nSe kietoo itseens\u00e4 ter\u00e4st\u00e4, kuparia ja valokuitua. Sen suonissa\nvirtaava digitaalinen tihkuu hiertym\u00e4kohdista ja lammikoituu.\nV\u00e4reilev\u00e4 pinta peilaa tarkkailijan kasvot. Betonia ei voi l\u00e4hesty\u00e4\nobjektiivisesti, se korvaa orgaanisen ja puhuu meiss\u00e4. Sen harmaus\non sielumme maisema ja meit\u00e4 suojaava nahka. Betonisuhde on\nsukulaisuutta, se on veriside, emme valitse sit\u00e4 itse. \n<\/p>\n\n\n\n<p>T.E.H.D.A.S.\nkollektiivi ja kes\u00e4n taiteilijavieraat tarjoavat\nkulttuurinn\u00e4lk\u00e4iselle kulkijalle moni\u00e4\u00e4nisen betonikokemuksen.\nVierailevien taiteilijoiden Lora Dimova, Riikka Ker\u00e4nen, Andris\nMara\u010dkovskis,\n Marja Patrikainen, Heikki Takala ja\nAntti Turkko henkil\u00f6kohtaisten teosten lis\u00e4ksi Veistospuistoon\nrakentuu T.E.H.D.A.S. ryhm\u00e4n kollektiivinen betonifantasia.<\/p>\n\n\n\n<p>Betonikes\u00e4\u00e4 edelt\u00e4\u00e4 <em>betonifoorum. <\/em>Kivenheiton p\u00e4\u00e4ss\u00e4 Radioasemalta sijaitseva Sampolan kerrostalol\u00e4hi\u00f6 ja sen kes\u00e4kuussa purettava liikekeskus toimivat kev\u00e4\u00e4n ajan n\u00e4ytt\u00e4m\u00f6n\u00e4 toiminnalle joka tuottaa betonitietoa. Betonilaboratoriossa kokeelliset prosessit avautuvat paikallisyhteis\u00f6ille. Toukokuussa j\u00e4rjestett\u00e4v\u00e4 seminaari tuo yhteen taiteen ja kaupunkitutkimuksen. Avoin keskustelutilaisuus tarjoaa mahdollisuuden tutustua projektiin ja kommentoida k\u00e4ynniss\u00e4 olevia prosesseja. Uusia pannaan alulle.<\/p>\n\n\n\n<p>Betonin\nyhteis\u00f6llinen ulottuvuus konkretisoituu ty\u00f6pajoissa. Liikekeskus\nkokee metamorfoosin avoimeksi kulttuuritilaksi ja saa arvoisensa\nhyv\u00e4stit. Sen raunioista rakentuu uusi alku. Betonin toinen\ntuleminen.<\/p>\n\n\n\n<p>                                       \n           * * *<\/p>\n\n\n\n<p class=\"has-background has-very-light-gray-background-color\">Avainsanat: Radioasema, Pori, Kes\u00e4n\u00e4yttely, Sapola, Seminaari<\/p>\n\n\n\n<p class=\"has-background has-very-light-gray-background-color\">#Betonikes\u00e4<\/p>\n\n\n\n<div style=\"height:31px\" aria-hidden=\"true\" class=\"wp-block-spacer\"><\/div>\n\n\n\n<p><strong>Betonidata live<\/strong><\/p>\n\n\n\n<iframe loading=\"lazy\" width=\"560\" height=\"315\" src=\"https:\/\/www.youtube.com\/embed\/DCRX-jbU2CU\" frameborder=\"0\" allow=\"accelerometer; autoplay; encrypted-media; gyroscope; picture-in-picture\" allowfullscreen><\/iframe>\n\n\n\n<div style=\"height:57px\" aria-hidden=\"true\" class=\"wp-block-spacer\"><\/div>\n\n\n\n<figure class=\"wp-block-image\"><img loading=\"lazy\" decoding=\"async\" width=\"960\" height=\"720\" src=\"https:\/\/tehdasry.fi\/wordpress\/wp-content\/uploads\/2019\/05\/60342840_2228165350831762_7660511335662223360_n.jpg\" alt=\"\" class=\"wp-image-140835\" srcset=\"https:\/\/tehdasry.fi\/wordpress\/wp-content\/uploads\/2019\/05\/60342840_2228165350831762_7660511335662223360_n.jpg 960w, https:\/\/tehdasry.fi\/wordpress\/wp-content\/uploads\/2019\/05\/60342840_2228165350831762_7660511335662223360_n-300x225.jpg 300w, https:\/\/tehdasry.fi\/wordpress\/wp-content\/uploads\/2019\/05\/60342840_2228165350831762_7660511335662223360_n-400x300.jpg 400w\" sizes=\"auto, (max-width: 960px) 100vw, 960px\" \/><\/figure>\n\n\n\n<hr class=\"wp-block-separator is-style-wide\"\/>\n\n\n\n<div style=\"height:20px\" aria-hidden=\"true\" class=\"wp-block-spacer\"><\/div>\n\n\n\n[YouTube_WD id=&#8221;13&#8243;]\n\n\n\n<div style=\"height:100px\" aria-hidden=\"true\" class=\"wp-block-spacer\"><\/div>\n\n\n\n<p class=\"has-text-color has-background has-sitebg-color has-headings-background-color\"><strong>Yhteisty\u00f6ss\u00e4:<\/strong><\/p>\n\n\n\n<ul class=\"wp-block-gallery columns-2 wp-block-gallery-1 is-layout-flex wp-block-gallery-is-layout-flex\"><li class=\"blocks-gallery-item\"><figure><img loading=\"lazy\" decoding=\"async\" width=\"1024\" height=\"434\" src=\"https:\/\/tehdasry.fi\/wordpress\/wp-content\/uploads\/2019\/04\/logo-eu-urbact-hd-impr-1024x434.jpeg\" alt=\"\" data-id=\"140801\" data-link=\"https:\/\/tehdasry.fi\/wordpress\/betonikesa\/logo-eu-urbact-hd-impr\/\" class=\"wp-image-140801\" srcset=\"https:\/\/tehdasry.fi\/wordpress\/wp-content\/uploads\/2019\/04\/logo-eu-urbact-hd-impr-1024x434.jpeg 1024w, https:\/\/tehdasry.fi\/wordpress\/wp-content\/uploads\/2019\/04\/logo-eu-urbact-hd-impr-300x127.jpeg 300w, https:\/\/tehdasry.fi\/wordpress\/wp-content\/uploads\/2019\/04\/logo-eu-urbact-hd-impr-421x178.jpeg 421w, https:\/\/tehdasry.fi\/wordpress\/wp-content\/uploads\/2019\/04\/logo-eu-urbact-hd-impr.jpeg 1280w\" sizes=\"auto, (max-width: 1024px) 100vw, 1024px\" \/><\/figure><\/li><li class=\"blocks-gallery-item\"><figure><img loading=\"lazy\" decoding=\"async\" width=\"1024\" height=\"576\" src=\"https:\/\/tehdasry.fi\/wordpress\/wp-content\/uploads\/2019\/04\/COME-IN-FINAL-LOGO-from-AI-1024x576.jpeg\" alt=\"\" data-id=\"140802\" data-link=\"https:\/\/tehdasry.fi\/wordpress\/betonikesa\/come-in-final-logo-from-ai\/\" class=\"wp-image-140802\" srcset=\"https:\/\/tehdasry.fi\/wordpress\/wp-content\/uploads\/2019\/04\/COME-IN-FINAL-LOGO-from-AI-1024x576.jpeg 1024w, https:\/\/tehdasry.fi\/wordpress\/wp-content\/uploads\/2019\/04\/COME-IN-FINAL-LOGO-from-AI-300x169.jpeg 300w, https:\/\/tehdasry.fi\/wordpress\/wp-content\/uploads\/2019\/04\/COME-IN-FINAL-LOGO-from-AI-421x237.jpeg 421w, https:\/\/tehdasry.fi\/wordpress\/wp-content\/uploads\/2019\/04\/COME-IN-FINAL-LOGO-from-AI.jpeg 1280w\" sizes=\"auto, (max-width: 1024px) 100vw, 1024px\" \/><\/figure><\/li><\/ul>\n\n\n\n<div style=\"height:20px\" aria-hidden=\"true\" class=\"wp-block-spacer\"><\/div>\n\n\n\n<p class=\"has-text-color has-background has-sitebg-color has-headings-background-color\"><strong>Projektia tukee:<\/strong><\/p>\n\n\n\n<p class=\"has-text-color has-headings-color\"><strong>Porin kaupunki<\/strong><\/p>\n\n\n\n<div style=\"height:20px\" aria-hidden=\"true\" class=\"wp-block-spacer\"><\/div>\n\n\n\n<figure class=\"wp-block-image is-resized\"><img loading=\"lazy\" decoding=\"async\" src=\"https:\/\/tehdasry.fi\/wordpress\/wp-content\/uploads\/2019\/03\/taike_pysty_v2-1024x727.png\" alt=\"\" class=\"wp-image-140619\" width=\"512\" height=\"364\" srcset=\"https:\/\/tehdasry.fi\/wordpress\/wp-content\/uploads\/2019\/03\/taike_pysty_v2-1024x727.png 1024w, https:\/\/tehdasry.fi\/wordpress\/wp-content\/uploads\/2019\/03\/taike_pysty_v2-300x213.png 300w, https:\/\/tehdasry.fi\/wordpress\/wp-content\/uploads\/2019\/03\/taike_pysty_v2.png 1557w\" sizes=\"auto, (max-width: 512px) 100vw, 512px\" \/><\/figure>\n","protected":false},"excerpt":{"rendered":"<p>Kes\u00e4ll\u00e4 2019 radioasema tekee T.E.H.D.A.S. Ry:n kolmas kes\u00e4n\u00e4yttelyn, Betonikes\u00e4. Betonikes\u00e4 k\u00e4sittelee betonin merkityst\u00e4 ja kulttuurihistoriaa. Veistospuistoon sijoittuvien teosten rinnalla aihetta l\u00e4hestyt\u00e4\u00e4n my\u00f6s muiden materiaalien ja v\u00e4lineiden avulla. Radioaseman projektitilaan rakentuva &hellip;<\/p>\n","protected":false},"author":13,"featured_media":0,"parent":0,"menu_order":0,"comment_status":"closed","ping_status":"closed","template":"","meta":{"footnotes":""},"class_list":["post-140541","page","type-page","status-publish","hentry"],"_links":{"self":[{"href":"https:\/\/tehdasry.fi\/wordpress\/wp-json\/wp\/v2\/pages\/140541","targetHints":{"allow":["GET"]}}],"collection":[{"href":"https:\/\/tehdasry.fi\/wordpress\/wp-json\/wp\/v2\/pages"}],"about":[{"href":"https:\/\/tehdasry.fi\/wordpress\/wp-json\/wp\/v2\/types\/page"}],"author":[{"embeddable":true,"href":"https:\/\/tehdasry.fi\/wordpress\/wp-json\/wp\/v2\/users\/13"}],"replies":[{"embeddable":true,"href":"https:\/\/tehdasry.fi\/wordpress\/wp-json\/wp\/v2\/comments?post=140541"}],"version-history":[{"count":24,"href":"https:\/\/tehdasry.fi\/wordpress\/wp-json\/wp\/v2\/pages\/140541\/revisions"}],"predecessor-version":[{"id":140911,"href":"https:\/\/tehdasry.fi\/wordpress\/wp-json\/wp\/v2\/pages\/140541\/revisions\/140911"}],"wp:attachment":[{"href":"https:\/\/tehdasry.fi\/wordpress\/wp-json\/wp\/v2\/media?parent=140541"}],"curies":[{"name":"wp","href":"https:\/\/api.w.org\/{rel}","templated":true}]}}